 is -1 + 10011121002200?
10011121002122
In base 7, what is -10316 - 4054?
-14403
In base 3, what is 20211122210 - 1000?
20211121210
In base 5, what is -21212341 - -44?
-21212242
In base 9, what is -82 - 8040531?
-8040623
In base 6, what is 5 + 125132303?
125132312
In base 14, what is -4 + 9147433?
914742d
In base 8, what is 2 - -3023633?
3023635
In base 13, what is -59 - -3ac228?
3ac19c
In base 10, what is 18256 - 13?
18243
In base 5, what is -33332 + -1312040?
-1400422
In base 3, what is 2111001211 + 1100221?
2112102202
In base 9, what is 5141 + 32542?
37683
In base 4, what is -10301 + 10112033?
10101132
In base 4, what is 10121 + 1302023?
1312210
In base 2, what is 100 + 1101010100011100110110101?
1101010100011100110111001
In base 3, what is 10 + 111012002020220?
111012002021000
In base 16, what is -1919dea - -2?
-1919de8
In base 16, what is -1475 - -1a9a9?
19534
In base 13, what is 13014aa - 1?
13014a9
In base 4, what is -1231100230 + -321?
-1231101211
In base 6, what is -451440 - 1231?
-453111
In base 10, what is 1937243 + 318?
1937561
In base 7, what is 41021331 + -30?
41021301
In base 10, what is 24700355 + 34?
24700389
In base 7, what is -14315 + -30360?
-45005
In base 10, what is 43 - 5438?
-5395
In base 11, what is -5059a + -50?
-5063a
In base 15, what is 137c172 - -5?
137c177
In base 3, what is 10122220211012 + -21221?
10122220112021
In base 2, what is -11 - -10011111011011110000100100?
10011111011011110000100001
In base 14, what is 3a77419 + 3?
3a7741c
In base 4, what is 2001322322302 + -3?
2001322322233
In base 5, what is 11003 + -200242331?
-200231323
In base 8, what is 2 + -2774613?
-2774611
In base 7, what is 3666120 + -4?
3666113
In base 9, what is -27502572 - 4?
-27502576
In base 16, what is -5 + c68fc?
c68f7
In base 6, what is 520010321 - 2?
520010315
In base 14, what is 5 + -928084?
-92807d
In base 11, what is a + -2298019?
-229800a
In base 16, what is -26d - 2311?
-257e
In base 13, what is -2ac + -142588?
-142867
In base 12, what is -1077a9a8 - b?
-1077a9b7
In base 16, what is 4c + -48638?
-485ec
In base 13, what is 266 + 1c92a1?
1c9537
In base 13, what is 3004b + 27?
30075
In base 16, what is -20896 - -39?
-2085d
In base 12, what is -4 + 1541b57?
1541b53
In base 11, what is -5 - -333524?
33351a
In base 7, what is 322 - 162312?
-161660
In base 8, what is 554465576 - 1?
554465575
In base 8, what is -75763 + 201?
-75562
In base 13, what is -5 - -880c047?
880c042
In base 2, what is 1101000100011 - -101110010110?
10010110111001
In base 15, what is 127 + aa49?
ab71
In base 2, what is 101 + 110101010100011110110?
110101010100011111011
In base 14, what is 1b62ac - -6d7?
1b69a5
In base 10, what is -5599 - 66490?
-72089
In base 3, what is -2200120 - 1112020020?
-1121220210
In base 14, what is 1 + 2ca9279?
2ca927a
In base 12, what is -18ab + 13759?
11a6a
In base 7, what is 6432 + 562464?
602226
In base 13, what is 5 - 63b8b1?
-63b8a9
In base 15, what is ded66 + 9e?
dee15
In base 12, what is 151 + 121a6b6?
121a847
In base 6, what is 34 - 12204500?
-12204422
In base 8, what is 127336254 - 3?
127336251
In base 8, what is -736 - 30507?
-31445
In base 3, what is 102101222211 + -1211?
102101221000
In base 3, what is 1020212120220 + -222?
1020212112221
In base 4, what is 11320 + 12031122?
12103102
In base 15, what is -159 - -2664?
250a
In base 12, what is 15 - 184830?
-184817
In base 9, what is 2186068 - -56?
2186135
In base 8, what is 152561 - -5232?
160013
In base 12, what is 4851803 - 3?
4851800
In base 2, what is 111000101110010010000100100011 + -10?
111000101110010010000100100001
In base 6, what is -254025130 - 2?
-254025132
In base 9, what is 1271076 + -1033?
1270043
In base 7, what is -6350 - 11554?
-21234
In base 8, what is -5 - -11341504?
11341477
In base 8, what is -726024 + -1?
-726025
In base 11, what is -1 - -2503346?
2503345
In base 14, what is -2a + 3a8a1d?
3a89d3
In base 14, what is -1 + -423769?
-42376a
In base 14, what is -437 + -18c1?
-1d18
In base 2, what is 10010 - -10110100110100100101?
10110100110100110111
In base 2, what is -1 - -11110000101000110110?
11110000101000110101
In base 7, what is 54 - -202531?
202615
In base 14, what is 25337a7 - 10?
2533797
In base 7, what is 2 + 3231030?
3231032
In base 16, what is 1 - 1eed7a?
-1eed79
In base 7, what is 45041 + -135632?
-60561
In base 10, what is 24 + -3287546?
-3287522
In base 10, what is 1005 - -131532?
132537
In base 7, what is 2143 - -2541?
5014
In base 6, what is 21250202 + -114?
21250044
In base 7, what is -1260131 + -1315?
-1261446
In base 4, what is -1100 - -2113301011?
2113233311
In base 11, what is 14777a81 - 2?
14777a7a
In base 5, what is 3440 + 200444?
204434
In base 16, what is -9184 - 38?
-91bc
In base 7, what is -1030432 + -2122?
-1032554
In base 8, what is -334322215 + 2?
-334322213
In base 15, what is -1e029 - 10?
-1e039
In base 2, what is -11110101111100 - 1010110101000001?
-1110101010111101
In base 7, what is -513 + 143640?
143124
In base 2, what is 10011110011111011111 - 110010001?
10011110011001001110
In base 16, what is -1848 - -14e?
-16fa
In base 11, what is 3 + -40a9175?
-40a9172
In base 10, what is -6018274 - -1?
-6018273
In base 4, what is -103031 - 122003?
-231100
In base 7, what is -1110323 + 3152?
-1104141
In base 9, what is 157004 - 434?
156460
In base 11, what is 106061 - 213?
105949
In base 5, what is -10 - 1103201142113?
-1103201142123
In base 4, what is 1301133221302 - -2?
1301133221310
In base 9, what is 5 - -302224333?
302224338
In base 7, what is -21 + 236205655?
236205634
In base 15, what is 273e + 14dd?
3c2c
In base 16, what is -14 - -16ee9e?
16ee8a
In base 4, what is -21120 - -101310330?
101223210
In base 2, what is 111 - -110111011000111101001?
110111011000111110000
In base 8, what is 14003 - -12062?
26065
In base 8, what is 5647 - -1604?
7453
In base 4, what is 2001301 - 120133?
1221102
In base 16, what is 2 + 626ca5c?
626ca5e
In base 4, what is -1312 + -201222213?
-201230131
In base 9, what is -6156320 - 12?
-6156332
In base 6, what is -1 + -31524422331?
-31524422332
In base 8, what is 5 + 5374221?
5374226
In base 3, what is -12012121200212 - 0?
-12012121200212
In base 14, what is a4 - -2b352?
2b416
In base 7, what is -605 - -113231?
112323
In base 11, what is 270692a - -19?
2706948
In base 11, what is -3a9926 - -10a?
-3a9817
In base 11, what is -181809a0 - -32?
-18180969
In base 9, what is -1726 + 40032?
37205
In base 5, what is 204443224 - -1404?
210000133
In base 8, what is -2747 + -1426742?
-1431711
In base 10, what is 35 + -495549?
-495514
In base 7, what is -2 + 131000206?
131000204
In base 4, what is -30 + 1321222020303?
1321222020213
In base 12, what is -51a50 + -2197?
-54027
In base 8, what is -45200471 - 4?
-45200475
In base 4, what is 2030201230013 + -3?
2030201230010
In base 4, what is 203213211 - 311112?
202302033
In base 13, what is -3395409 - 2?
-339540b
In base 12, what is -23526a1 - -5?
-2352698
In base 8, what is 22714035 + -5?
22714030
In base 15, what is ee5c - -652?
105ae
In base 13, what is -400472 - 18?
-40048a
In base 7, what is -2 - -63150256?
63150254
In base 3, what is -120 - -2210010212120200?
2210010212120010
In base 12, what is b87a + -b60?
a91a
In base 2, what is 101001 - 101011011001110110110011?
-101011011001110110001010
In base 14, what is 8194d9 + -1?
8194d8
In base 13, what is 12935560 - -3?
12935563
In base 8, what is -566 + -101437?
-102225
In base 14, what is -15bd14c + 13?
-15bd139
In base 11, what is -438a - -17a23?
13644
In base 16, what is 235881 + -1f?
235862
In base 12, what is -7 + 1059035?
105902a
In base 8, what is 7562313 + -1277?
7561014
In base 10, what is 100 - -200638?
200738
In base 3, what is 1012100121022 - -111?
1012100121210
In base 9, what is -400 + 102204?
101704
In base 12, what is 514 + 5827?
613b
In base 13, what is -a + 14176974?
14176967
In base 2, what is -1111111100011 - -1001101000111?
-110010011100
In base 13, what is 5 + -5ca935?
-5ca930
In base 15, what is 105c6c5a + 3?
105c6c5d
In base 2, what is 111000001 - 1001101011111010101?
-1001101011000010100
In base 15, what is -d2c341 - -a?
-d2c336
In base 4, what is -322130111121 + 2?
-322130111113
In base 6, what is 213552 + -2332?
211220
In base 6, what is -150533 - 301335?
-452312
In base 6, what is 2251305